{"id":113,"date":"2017-10-13T06:45:55","date_gmt":"2017-10-13T06:45:55","guid":{"rendered":"http:\/\/ziegelbuben.de\/?page_id=113"},"modified":"2020-10-26T17:59:20","modified_gmt":"2020-10-26T16:59:20","slug":"die-ziegelei","status":"publish","type":"page","link":"https:\/\/ziegelbuben.de\/?page_id=113","title":{"rendered":"Die Ziegelei"},"content":{"rendered":"\n<p><span style=\"color: #000000;\">Ihr wisst noch nicht was ihr am Freitag Abend vor habt? Wir haben die Antwort:<\/span><\/p>\n\n\n\n<figure class=\"wp-block-image size-large\"><img loading=\"lazy\" decoding=\"async\" width=\"1024\" height=\"768\" src=\"http:\/\/ziegelbuben.de\/wp-content\/uploads\/2017\/10\/Ziegelei-Vereinsheim-1024x768.jpg\" alt=\"\" class=\"wp-image-146\"\/><\/figure>\n\n\n\n<p><span style=\"color: #000000;\">Jeden Freitag ist die Ziegelei f\u00fcr unsere Mitglieder und alle Interessierten ab 19:00 Uhr ge\u00f6ffnet. Unsere Neumitglieder k\u00f6nnen hier ihre ersten Kontakte zu den anderen Vereinsmitgliedern kn\u00fcpfen.<\/span><\/p>\n\n\n\n<hr class=\"wp-block-separator\"\/>\n\n\n\n<p>Ihr findet unser Vereinsheim unter folgender Adresse:<\/p>\n\n\n\n<p>Siederstr. 23-1<\/p>\n\n\n\n<p>78054 Villingen-Schwenningen<\/p>\n","protected":false},"excerpt":{"rendered":"<p>Ihr wisst noch nicht was ihr am Freitag Abend vor habt? Wir haben die Antwort: Jeden Freitag ist die Ziegelei f\u00fcr unsere Mitglieder und alle Interessierten ab 19:00 Uhr ge\u00f6ffnet. Unsere Neumitglieder k\u00f6nnen hier ihre ersten Kontakte zu den anderen &hellip; <a href=\"https:\/\/ziegelbuben.de\/?page_id=113\">Weiterlesen <span class=\"meta-nav\">&rarr;<\/span><\/a><\/p>\n","protected":false},"author":1,"featured_media":155,"parent":0,"menu_order":0,"comment_status":"closed","ping_status":"closed","template":"","meta":{"ngg_post_thumbnail":0,"footnotes":""},"class_list":["post-113","page","type-page","status-publish","has-post-thumbnail","hentry"],"_links":{"self":[{"href":"https:\/\/ziegelbuben.de\/index.php?rest_route=\/wp\/v2\/pages\/113","targetHints":{"allow":["GET"]}}],"collection":[{"href":"https:\/\/ziegelbuben.de\/index.php?rest_route=\/wp\/v2\/pages"}],"about":[{"href":"https:\/\/ziegelbuben.de\/index.php?rest_route=\/wp\/v2\/types\/page"}],"author":[{"embeddable":true,"href":"https:\/\/ziegelbuben.de\/index.php?rest_route=\/wp\/v2\/users\/1"}],"replies":[{"embeddable":true,"href":"https:\/\/ziegelbuben.de\/index.php?rest_route=%2Fwp%2Fv2%2Fcomments&post=113"}],"version-history":[{"count":6,"href":"https:\/\/ziegelbuben.de\/index.php?rest_route=\/wp\/v2\/pages\/113\/revisions"}],"predecessor-version":[{"id":613,"href":"https:\/\/ziegelbuben.de\/index.php?rest_route=\/wp\/v2\/pages\/113\/revisions\/613"}],"wp:featuredmedia":[{"embeddable":true,"href":"https:\/\/ziegelbuben.de\/index.php?rest_route=\/wp\/v2\/media\/155"}],"wp:attachment":[{"href":"https:\/\/ziegelbuben.de\/index.php?rest_route=%2Fwp%2Fv2%2Fmedia&parent=113"}],"curies":[{"name":"wp","href":"https:\/\/api.w.org\/{rel}","templated":true}]}}